 13449077 composite?
False
Is 21300077 a prime number?
True
Is 12602869 prime?
False
Is 5681471 prime?
True
Is 429339613 prime?
False
Is 11008849 a prime number?
True
Is 29998097 composite?
True
Is 37622965 prime?
False
Is 23573419 a prime number?
True
Is 21274949 a composite number?
False
Is 14120261 composite?
False
Is 11208389 a composite number?
True
Is 92384051 a composite number?
True
Is 317686417 prime?
True
Is 25664921 prime?
False
Is 80748599 a composite number?
False
Is 27750169 prime?
True
Is 5384363 a prime number?
True
Is 1115929 a prime number?
True
Is 78016039 a prime number?
True
Is 16433999 composite?
True
Is 77514329 prime?
False
Is 23980241 a composite number?
True
Is 112260433 composite?
False
Is 510774973 a prime number?
False
Is 101588053 composite?
True
Is 1638803 a composite number?
True
Is 91909 a prime number?
True
Is 82313313 a prime number?
False
Is 301214231 a prime number?
True
Is 155194063 composite?
False
Is 90671 composite?
True
Is 2064311 a prime number?
False
Is 327880534 composite?
True
Is 19661 prime?
True
Is 592639 a prime number?
True
Is 1950979 composite?
False
Is 10306091 composite?
True
Is 7387493 a composite number?
True
Is 69333653 composite?
False
Is 13475129 prime?
True
Is 251536829 composite?
False
Is 912931 a composite number?
True
Is 1242343 a composite number?
True
Is 31459105 composite?
True
Is 1864417 prime?
True
Is 1364717 composite?
False
Is 40861 a composite number?
True
Is 4072399 a composite number?
False
Is 308650409 a composite number?
True
Is 29729491 composite?
True
Is 1074209 prime?
False
Is 28853107 prime?
True
Is 19050143 a composite number?
True
Is 64251071 a prime number?
True
Is 93877541 composite?
False
Is 4557603 composite?
True
Is 14601053 a prime number?
True
Is 530509 a composite number?
True
Is 691280965 prime?
False
Is 31389961 a prime number?
True
Is 31508713 a prime number?
True
Is 6166061 a composite number?
True
Is 11989199 a prime number?
False
Is 4881509 composite?
True
Is 21262321 prime?
True
Is 324981931 a composite number?
False
Is 14408759 composite?
False
Is 74014357 a composite number?
False
Is 93761573 prime?
True
Is 110446201 a composite number?
False
Is 133866473 a composite number?
True
Is 122701571 composite?
False
Is 16019123 a prime number?
True
Is 1270195 a composite number?
True
Is 48375793 composite?
False
Is 2034017 a prime number?
True
Is 177776485 composite?
True
Is 4363663 a prime number?
True
Is 40817649 prime?
False
Is 11685847 a prime number?
False
Is 134421733 prime?
True
Is 10769323 a composite number?
False
Is 8301053 a composite number?
False
Is 2553823 a composite number?
False
Is 296917 composite?
True
Is 5928751 composite?
False
Is 10370093 a composite number?
True
Is 76312133 a prime number?
False
Is 14292491 a composite number?
True
Is 2218319 prime?
True
Is 771039431 a composite number?
True
Is 77693797 composite?
False
Is 2870471 a prime number?
True
Is 50637709 prime?
True
Is 130481653 a composite number?
False
Is 1234039 composite?
False
Is 29563073 composite?
True
Is 27181109 a prime number?
False
Is 7034779 prime?
True
Is 149937373 a prime number?
False
Is 22735789 composite?
False
Is 1356187 a composite number?
True
Is 10670213 a prime number?
True
Is 7801811 a prime number?
True
Is 18122623 prime?
True
Is 144299893 a composite number?
True
Is 8786509 composite?
True
Is 10362071 a composite number?
False
Is 522949 a prime number?
False
Is 4111138 composite?
True
Is 45587 a composite number?
False
Is 727457 a prime number?
False
Is 5473229 a composite number?
False
Is 4330915 a prime number?
False
Is 7561751 prime?
True
Is 13260913 a prime number?
True
Is 21963341 a composite number?
False
Is 6467683 composite?
False
Is 327527306 a prime number?
False
Is 44672497 prime?
True
Is 12306367 a composite number?
False
Is 28069661 composite?
True
Is 1129369 a composite number?
True
Is 19813217 prime?
True
Is 24801587 a prime number?
True
Is 629081 a prime number?
True
Is 12318133 prime?
False
Is 403459 prime?
False
Is 17616983 prime?
False
Is 6042041 a prime number?
True
Is 2741533 a prime number?
True
Is 33874651 a prime number?
False
Is 68780269 a prime number?
True
Is 4732061 a prime number?
True
Is 9631763 a prime number?
True
Is 6375713 a prime number?
False
Is 61982923 composite?
False
Is 17575813 composite?
False
Is 7386257 composite?
False
Is 10712803 a prime number?
False
Is 235983201 prime?
False
Is 54141449 composite?
False
Is 17839163 prime?
True
Is 6005731 a prime number?
False
Is 20502019 prime?
True
Is 8931469 a prime number?
False
Is 2891209 a composite number?
True
Is 4165495 composite?
True
Is 14539379 a composite number?
True
Is 6457505 composite?
True
Is 43081609 a composite number?
True
Is 38776121 prime?
True
Is 382345649 composite?
True
Is 445507 prime?
True
Is 27228079 a prime number?
True
Is 521803 a prime number?
False
Is 148467793 a prime number?
False
Is 2500216607 composite?
True
Is 1551811 composite?
True
Is 5518427 a prime number?
False
Is 1155461 composite?
False
Is 137348297 prime?
True
Is 35913421 prime?
False
Is 10988899 a composite number?
True
Is 6246493 a prime number?
False
Is 770833 a prime number?
False
Is 2169437 a prime number?
False
Is 124265927 prime?
True
Is 2310881 composite?
True
Is 22482397 composite?
True
Is 1508833 a prime number?
True
Is 85025743 prime?
False
Is 14430667 composite?
False
Is 12548321 a prime number?
True
Is 828251 a prime number?
False
Is 650015 prime?
False
Is 10159447 prime?
False
Is 241145735 a composite number?
True
Is 537653 a composite number?
True
Is 160501213 prime?
True
Is 15446389 prime?
False
Is 12333901 a prime number?
True
Is 26877821 prime?
True
Is 187824799 prime?
False
Is 3360337 prime?
True
Is 223903 a composite number?
False
Is 280521401 composite?
False
Is 200185373 prime?
False
Is 46719507 a prime number?
False
Is 4511809 a prime number?
True
Is 24659 a composite number?
False
Is 78760193 composite?
True
Is 3177205 a prime number?
False
Is 32984389 composite?
False
Is 3437849 prime?
True
Is 48926613 a prime number?
False
Is 157934761 composite?
False
Is 3363567 prime?
False
Is 106522367 a composite number?
True
Is 2800678097 a prime number?
False
Is 27327883 composite?
True
Is 4021339 composite?
True
Is 4527121 a prime number?
False
Is 11116309 prime?
False
Is 11126953 a prime number?
True
Is 5232727 a prime number?
True
Is 594233537 composite?
False
Is 9768599 a composite number?
False
Is 83567669 prime?
False
Is 37355033 composite?
False
Is 13168511 composite?
True
Is 1395649091 prime?
True
Is 1255421 a composite number?
False
Is 110100455 composite?
True
Is 284004707 composite?
True
Is 16083343 prime?
False
Is 31197421 a prime number?
True
Is 582363709 a prime number?
True
Is 26340711 prime?
False
Is 1210007 composite?
True
Is 416080657 a composite number?
True
Is 15593647 prime?
False
Is 13009798 a composite number?
True
Is 6779677 a composite number?
True
Is 24085699 composite?
True
Is 21990889 prime?
False
Is 40599691 a prime number?
False
Is 32905966 composite?
True
Is 12080749 a prime number?
False
Is 4466158 a composite number?
True
Is 21131065 a prime number?
False
Is 4645829 prime?
False
Is 552443 a prime number?
False
Is 1339661 composite?
False
Is 6636209 a prime number?
False
Is 31152911 composite?
True
Is 4761619 prime?
True
Is 99914345 a composite number?
True
Is 56855641 prime?
True
Is 2918857 prime?
True
Is 90024409 composite?
False
Is 4215865 a composite number?
True
Is 63058465 composite?
True
Is 7340033 prime?
True
Is 672186667 a prime number?
True
Is 213015271 composite?
True
Is 3134501 a composite number?
True
Is 3146653 a prime number?
False
Is 1634341 composite?
False
Is 4732837 prime?
True
Is 743947 composite?
False
Is 78755681 prime?
True
Is 679541007 a composite number?
True
Is 2218893 a composite number?
True
Is 15436601 composite?
True
Is 3548071 a composite number?
False
Is 353289347 prime?
True
Is 519072079 a prime number?
True
Is 159522787 prime?
True
Is 11711114 prime?
False
Is 2195177 a prime number?
True
Is 44253871 a composite number?
False
Is 27189917 a composite number?
False
Is 257837 prime?
True
Is 369984149 composite?
True
Is 74925217 a prime number?
False
Is 16983869 composite?
True
Is 765613 a compos